 -77*z + 89. What is t(1)?
12
Let p(x) = 6*x + 1. Give p(5).
31
Let h(n) = -n**3 - 16*n**2 + 16. Calculate h(-16).
16
Let h(b) = 8*b + 3. Give h(-1).
-5
Let u(b) = -b**3 + 2*b**2 - 4. Determine u(0).
-4
Let d(n) = n**2 + 2*n - 1. Determine d(3).
14
Let f(q) = -8*q + 6. Determine f(-1).
14
Let q(i) = -i**2 + 15*i + 25. Calculate q(17).
-9
Let p(l) = 4*l + 18. What is p(-10)?
-22
Let i(l) = -2*l**2 - l. Calculate i(0).
0
Let a(g) = 2*g**2. Give a(-1).
2
Let p(t) = t**3 - 8*t**2 + 6*t + 3. Give p(7).
-4
Let p(y) = y**3 + 5*y**2 - 3*y - 3. Give p(-5).
12
Let p(i) = -i**2 + i - 19. Give p(0).
-19
Let k(o) = -o**3 + 6*o**2 - 6*o + 5. Give k(4).
13
Let i(r) = 20*r**2 - 2*r + 1. Calculate i(1).
19
Let w(a) = 11*a - 15. What is w(2)?
7
Let c(m) = 51*m**2 - 4*m + 3. Calculate c(1).
50
Let f(j) = 8*j - 46. Calculate f(5).
-6
Let x(q) = q. What is x(7)?
7
Let x(l) = l - 15. Give x(17).
2
Let l(k) = -k**3 + 7*k**2 + 9*k - 2. Determine l(8).
6
Let y(d) = 2*d**2 - 4*d - 19. What is y(5)?
11
Let j(c) = c**3 + 5*c**2 - 8*c - 1. What is j(-6)?
11
Let m(b) = -b**2 + 34. Calculate m(5).
9
Let y(a) = a**2 + 9*a + 5. Give y(-6).
-13
Let p(u) = -2*u**2 - 3*u - 7. Calculate p(-5).
-42
Let o(b) = 12*b + 45. Calculate o(-5).
-15
Let a(j) = j**3 - 10*j**2 + 9*j - 7. Determine a(9).
-7
Let p(r) = -r**3 + 19*r**2 + 17*r + 64. Calculate p(20).
4
Let b(r) = -r**2 - 6*r + 1. What is b(-6)?
1
Let w(j) = -j**3 - 5*j**2 - 2*j + 3. Give w(-4).
-5
Let b(c) = c**3 - 15*c**2 - 33*c + 2. What is b(17)?
19
Let c(m) = -m**3 + 2*m**2 - 4*m + 3. What is c(2)?
-5
Let h(g) = -98*g**3 - 2*g**2 + 1. Give h(1).
-99
Let d(q) = 25*q + 6. What is d(-2)?
-44
Let s(h) = -h**2 - 6*h - 7. Give s(-4).
1
Let z(b) = -3*b**2 + 15*b + 12. Determine z(6).
-6
Let b(i) = 3*i + 16. Calculate b(-5).
1
Let q(v) = -v**2 - 21*v - 5. What is q(-24)?
-77
Let j(t) = 32*t + 249. Determine j(-8).
-7
Let v(k) = -k**2 - 8*k + 17. Give v(-9).
8
Let f(c) = 2*c**2 - 12*c + 42. Calculate f(5).
32
Let a(n) = 11*n - 18. Determine a(3).
15
Let x(t) = t**3 - 6*t**2 - 8*t - 8. Give x(7).
-15
Let f(r) = -r**3 + 30*r**2 + 68*r - 132. What is f(32)?
-4
Let w(f) = -14*f + 2. Determine w(2).
-26
Let h(x) = -x**2 + 16*x + 18. What is h(14)?
46
Let o(p) = p**3 - 3*p**2 - 7*p + 8. Calculate o(4).
-4
Let v(h) = 3*h - 31. Calculate v(12).
5
Let f(q) = -15*q**2 + 3*q - 3. Calculate f(-1).
-21
Let k(i) = -i**2 + 5*i. Give k(6).
-6
Let y(i) = 15*i + 67. Give y(-4).
7
Let p(i) = i**2 - 16*i - 8. Determine p(16).
-8
Let b(c) = -c**2 + 4*c + 5. Determine b(8).
-27
Let j(s) = -s**3 - 8*s**2 + 11*s - 4. Determine j(-9).
-22
Let x(i) = -i**2 - 8*i - 21. What is x(-4)?
-5
Let c(t) = t**2 - 6*t + 14. Calculate c(6).
14
Let w(m) = m**3 + m**2 + 17*m - 7. Calculate w(0).
-7
Let c(g) = 19*g + 72. What is c(-4)?
-4
Let k(x) = x**3 - 14*x**2 + 12*x + 43. What is k(13)?
30
Let v(g) = -6*g - 19. Determine v(-15).
71
Let t(i) = i**3 - 5*i**2 + 11. What is t(4)?
-5
Let q(d) = -d**2 + 5*d + 25. What is q(-3)?
1
Let f(i) = i**3 + 10*i**2 - 13*i - 31. Determine f(-11).
-9
Let q(k) = -4*k + 25. Determine q(8).
-7
Let q(a) = a**3 - 3*a**2 - a + 15. Give q(3).
12
Let z(x) = -2*x**2 + 51*x + 24. Determine z(26).
-2
Let p(l) = 6*l**3 + 9*l**2 + 16*l + 3. Calculate p(-2).
-41
Let q(p) = p**3 + 5*p**2 - 13*p + 5. What is q(-7)?
-2
Let f(o) = -36*o - 288. What is f(-8)?
0
Let i(t) = t**3 - t**2 - 4*t + 3. What is i(0)?
3
Let b(m) = m**3 - 13*m**2 - 15*m + 12. Give b(14).
-2
Let i(p) = -p - 37. Give i(-29).
-8
Let g(n) = n**2 + 28*n + 27. Give g(-1).
0
Let p(r) = 11*r + 6. Give p(0).
6
Let y(v) = -2*v**2 + 26*v - 60. Calculate y(10).
0
Let q(m) = -8*m**2 + 3*m - 2. Give q(1).
-7
Let l(v) = v**2 - 5*v - 6. Determine l(5).
-6
Let v(p) = -3*p - 1. Calculate v(-2).
5
Let q(d) = -3*d + 14. What is q(6)?
-4
Let m(g) = -2*g**2 + 11*g - 17. What is m(9)?
-80
Let y(s) = s**3 + 9*s**2 - 9*s - 14. Determine y(-10).
-24
Let f(m) = 3*m**2 - 79*m + 162. Give f(24).
-6
Let y(x) = -4*x**2 - 148*x - 7. Calculate y(-37).
-7
Let q(t) = 3*t**2 - 9*t + 6. Give q(1).
0
Let c(p) = 2*p**2 + 15*p - 25. Calculate c(-8).
-17
Let o(y) = -y**2 - 6*y - 8. Give o(-12).
-80
Let w(h) = -2*h**2 + 4*h + 21. What is w(-6)?
-75
Let m(p) = 4*p**3 + p - 1. Determine m(0).
-1
Let w(u) = 4*u + 40. Determine w(-12).
-8
Let o(s) = 3*s**2 + 2*s - 7. Calculate o(-4).
33
Let l(s) = -16*s**3 + 3*s**2 + s. Give l(-2).
138
Let f(j) = 12*j - 88. What is f(8)?
8
Let r(s) = 61*s + 803. Give r(-13).
10
Let h(f) = f**3 - 6*f**2 + 2*f - 5. What is h(6)?
7
Let v(g) = -g**3 + 9*g**2 + 9*g + 14. Give v(10).
4
Let s(q) = -q - 24. Calculate s(-9).
-15
Let p(z) = -25*z - 55. What is p(-5)?
70
Let r(s) = 3*s**2 - 6*s + 3. Calculate r(4).
27
Let u(b) = -b**2 + 5*b - 2. Calculate u(5).
-2
Let y(s) = -s**3 - 16*s**2 - s - 11. Determine y(-16).
5
Let s(m) = 10*m**2 + 1. What is s(-2)?
41
Let h(k) = -k**2 - 4*k + 28. What is h(-9)?
-17
Let a(t) = 2*t - 14. What is a(14)?
14
Let o(h) = -46*h - 4. Determine o(1).
-50
Let g(z) = -z**3 + 4*z**2 + 12*z + 4. Determine g(-5).
169
Let h(f) = -18*f + 2. Determine h(1).
-16
Let n(i) = -2*i**2 - 28*i - 111. Calculate n(-6).
-15
Let p(x) = 3*x**2 + 14*x - 6. Determine p(-6).
18
Let b(s) = -s**3 + 27*s**2 + 26*s + 53. Calculate b(28).
-3
Let h(q) = -2*q**3 - 2*q + 3. Give h(2).
-17
Let q(x) = 17*x - 26. What is q(8)?
110
Let c(f) = f**2 - 18*f - 6. Determine c(13).
-71
Let v(q) = -11*q**3 - 3*q - 2. What is v(-1)?
12
Let k(j) = j - 35. What is k(33)?
-2
Let j(b) = -b - 49. What is j(-6)?
-43
Let r(l) = 2*l**3 - 21*l**2 + 11*l - 15. Determine r(10).
-5
Let a(f) = f**2 + 2*f - 13. Calculate a(-4).
-5
Let u(l) = -6*l + 79. Determine u(14).
-5
Let w(u) = 14*u**3 + u**2 - 5*u + 4. Determine w(1).
14
Let q(b) = -b**3 + 7*b**2 + 20*b - 11. Determine q(9).
7
Let u(d) = -10*d + 22. Give u(5).
-28
Let h(i) = i**3 - 7*i**2 - 2. What is h(7)?
-2
Let q(c) = -48*c - 532. What is q(-11)?
-4
Let v(a) = -a**3 + a**2 - 2*a - 3. What is v(-2)?
13
Let r(a) = 7*a + 120. Give r(-19).
-13
Let f(j) = 2*j**3 - 5*j**2 - j - 8. Determine f(5).
112
Let q(l) = -7*l + 31. What is q(5)?
-4
Let k(z) = z**2 + 4*z - 6. Calculate k(4).
26
Let y(q) = 4*q**2 + 11*q + 16. What is y(-2)?
10
Let j(f) = -18*f**2 + f. Give j(-1).
-19
Let h(a) = -a**2 + 10*a + 16. Determine h(12).
-8
Let j(m) = -m**3 - m**2 + m + 1. What is j(-1)?
0
Let u(q) = q**3 + 8*q**2 + 6*q + 12. Give u(-8).
-36
Let q(l) = 11*l + 4. Calculate q(-3).
-29
Let a(w) = w**3 + 2*w**2 - 13. Calculate a(0).
-13
Let k(g) = -2*g**2 + 27*g + 49. Calculate k(-2).
-13
Let q(a) = 52*a**2 - a - 1. Determine q(1).
50
Let x(k) = -k - 7. What is x(8)?
-15
Let z(h) = -4*h - 4. What is z(1)?
-8
Let d(k) = 2*k**3 - k**2 - 8*k + 9. Determine d(2).
5
Let h(w) = 7*w + 2. Determine h(-10).
-68
Let r(v) = 6*v + 19. Determine r(-6).
-17
Let f(b) = -b**3 + 4*b**2 - 3. Determine f(4).
-3
Let o(j) = j**2 - 10*j + 18. What is o(6)?
-6
Let g(d) = -d**3 - 13*d**2 + 18*d - 1. Determine g(-14).
-57
Let l(o) = -13*o**2 - 2*o + 3. What is l(2)?
-53
Let o(l) = l**3 - 15*l**2 - 34*l. Give o(17).
0
Let x(j) = j**2 + 9*j + 8. Give x(-6).
-10
Let f(a) = a**2 + 17*a - 64. Determine f(-20).
-4
Let n(a) = 10*a**3 + a**2 + 6*a + 4. Determine n(-1).
-11
Let y(p) = 6*p**2 - 3*p. What is y(2)?
18
Let q(k) = 2*k**2 - 14*k + 8. Determine q(9).
44
Let z(l) = -l**3 - l**2 + 4*l + 2. Calculate z(-3).
8
Let t(m) = 129*m + 779. Determine t(-6).
5
Let f(x) = -3*x + 19. Calculate f(-9).
46
Let q(i) = 2*i - 3. Determine q(7).
11
Let u(j) = -9*j - 80. Calculate u(-9).
1
Let o(j) = -j**2 - 47*j - 400. Determine o(-11).
-4
Let b(y) = -y**2 + 19*y - 32. Determine b(15).
28
Let w(o) = 3*o**2 + 40*o + 9. Determine w(-13).
-4
Let m(w) = -w**2 - 14*w + 9. What is m(5)?
-86
Let p(n) = -4*n**2 - 26*n + 18. Give p(-7).
4
Let o(t) = -11*t + 1. Calculate o(1).
-10
Let n(r) = -5*r**2 - 61*r - 14. What is n(-12)?
-2
Let r(v) = -20*v + 215. Give r(11).
-5
Let a(l) = -l**2 - 6*l - 3. Calculate a(-3).
6
Let t(a) = 2*a**2 + 4*a + 5. What is t(-5)?
35
Let r(a) = -a**3 - 6*a**2 - 6*a + 28. Give r(-5).
33
Let w(v) = v**3 - 6. Calculate w(0).
-6
Let u(a) = a**2 + 3*a - 4. What is u(-2)?
-6
Let k(x) = 20*x + 2. Calculate k(-1).
-18
Let f(n) = n - 9. Give f(-1).
-10
Let f(u) = -2*u**3 - 4*u**2 - 4*u - 7. Calculate f(-2).
1
Let w(f) = 2*f**2 - 